[INFO] cloning repository https://github.com/McRaeAlex/ecs
[INFO] running `Command { std: "git" "-c" "credential.helper=" "-c" "credential.helper=/workspace/cargo-home/bin/git-credential-null" "clone" "--bare" "https://github.com/McRaeAlex/ecs" "/workspace/cache/git-repos/https%3A%2F%2Fgithub.com%2FMcRaeAlex%2Fecs", kill_on_drop: false }`
[INFO] [stderr] Cloning into bare repository '/workspace/cache/git-repos/https%3A%2F%2Fgithub.com%2FMcRaeAlex%2Fecs'...
[INFO] running `Command { std: "git" "rev-parse" "HEAD", kill_on_drop: false }`
[INFO] [stdout] 48fccf81bd0a426c8bba6933bbce66287400a902
[INFO] checking McRaeAlex/ecs against try#72f88fc4e9458f89516a0b8b0868f3718aec5b47 for pr-74989
[INFO] running `Command { std: "git" "clone" "/workspace/cache/git-repos/https%3A%2F%2Fgithub.com%2FMcRaeAlex%2Fecs" "/workspace/builds/worker-14/source", kill_on_drop: false }`
[INFO] [stderr] Cloning into '/workspace/builds/worker-14/source'...
[INFO] [stderr] done.
[INFO] validating manifest of git repo https://github.com/McRaeAlex/ecs on toolchain 72f88fc4e9458f89516a0b8b0868f3718aec5b47
[INFO] running `Command { std: "/workspace/cargo-home/bin/cargo" "+72f88fc4e9458f89516a0b8b0868f3718aec5b47" "read-manifest" "--manifest-path" "Cargo.toml", kill_on_drop: false }`
[INFO] started tweaking git repo https://github.com/McRaeAlex/ecs
[INFO] finished tweaking git repo https://github.com/McRaeAlex/ecs
[INFO] tweaked toml for git repo https://github.com/McRaeAlex/ecs written to /workspace/builds/worker-14/source/Cargo.toml
[INFO] crate git repo https://github.com/McRaeAlex/ecs already has a lockfile, it will not be regenerated
[INFO] running `Command { std: "/workspace/cargo-home/bin/cargo" "+72f88fc4e9458f89516a0b8b0868f3718aec5b47" "fetch" "--locked" "--manifest-path" "Cargo.toml", kill_on_drop: false }`
[INFO] running `Command { std: "docker" "create" "-v" "/var/lib/crater-agent-workspace/builds/worker-14/target:/opt/rustwide/target:rw,Z" "-v" "/var/lib/crater-agent-workspace/builds/worker-14/source:/opt/rustwide/workdir:ro,Z" "-v" "/var/lib/crater-agent-workspace/cargo-home:/opt/rustwide/cargo-home:ro,Z" "-v" "/var/lib/crater-agent-workspace/rustup-home:/opt/rustwide/rustup-home:ro,Z" "-e" "SOURCE_DIR=/opt/rustwide/workdir" "-e" "CARGO_TARGET_DIR=/opt/rustwide/target" "-e" "CARGO_HOME=/opt/rustwide/cargo-home" "-e" "RUSTUP_HOME=/opt/rustwide/rustup-home" "-w" "/opt/rustwide/workdir" "-m" "1610612736" "--user" "0:0" "--network" "none" "rustops/crates-build-env@sha256:d92eaeed33fa75130ca1ee6c8a01d1ffb62bac859dfdfb3450e3e5d1c0146529" "/opt/rustwide/cargo-home/bin/cargo" "+72f88fc4e9458f89516a0b8b0868f3718aec5b47" "metadata" "--no-deps" "--format-version=1", kill_on_drop: false }`
[INFO] [stderr] WARNING: Your kernel does not support swap limit capabilities or the cgroup is not mounted. Memory limited without swap.
[INFO] [stdout] 93a6d9b77ee339104893195fa86fa69713a7be8a01b53f35a893ee29ff718c68
[INFO] running `Command { std: "docker" "start" "-a" "93a6d9b77ee339104893195fa86fa69713a7be8a01b53f35a893ee29ff718c68", kill_on_drop: false }`
[INFO] running `Command { std: "docker" "inspect" "93a6d9b77ee339104893195fa86fa69713a7be8a01b53f35a893ee29ff718c68", kill_on_drop: false }`
[INFO] running `Command { std: "docker" "rm" "-f" "93a6d9b77ee339104893195fa86fa69713a7be8a01b53f35a893ee29ff718c68", kill_on_drop: false }`
[INFO] [stdout] 93a6d9b77ee339104893195fa86fa69713a7be8a01b53f35a893ee29ff718c68
[INFO] running `Command { std: "docker" "create" "-v" "/var/lib/crater-agent-workspace/builds/worker-14/target:/opt/rustwide/target:rw,Z" "-v" "/var/lib/crater-agent-workspace/builds/worker-14/source:/opt/rustwide/workdir:ro,Z" "-v" "/var/lib/crater-agent-workspace/cargo-home:/opt/rustwide/cargo-home:ro,Z" "-v" "/var/lib/crater-agent-workspace/rustup-home:/opt/rustwide/rustup-home:ro,Z" "-e" "SOURCE_DIR=/opt/rustwide/workdir" "-e" "CARGO_TARGET_DIR=/opt/rustwide/target" "-e" "CARGO_INCREMENTAL=0" "-e" "RUST_BACKTRACE=full" "-e" "RUSTFLAGS=--cap-lints=forbid" "-e" "CARGO_HOME=/opt/rustwide/cargo-home" "-e" "RUSTUP_HOME=/opt/rustwide/rustup-home" "-w" "/opt/rustwide/workdir" "-m" "1610612736" "--user" "0:0" "--network" "none" "rustops/crates-build-env@sha256:d92eaeed33fa75130ca1ee6c8a01d1ffb62bac859dfdfb3450e3e5d1c0146529" "/opt/rustwide/cargo-home/bin/cargo" "+72f88fc4e9458f89516a0b8b0868f3718aec5b47" "check" "--frozen" "--all" "--all-targets" "--message-format=json", kill_on_drop: false }`
[INFO] [stdout] e2dbd55a46a7824407b293d7806145981780da10ce2e6c5912ac05f444862cd9
[INFO] [stderr] WARNING: Your kernel does not support swap limit capabilities or the cgroup is not mounted. Memory limited without swap.
[INFO] running `Command { std: "docker" "start" "-a" "e2dbd55a46a7824407b293d7806145981780da10ce2e6c5912ac05f444862cd9", kill_on_drop: false }`
[INFO] [stderr]     Checking ecs v0.1.0 (/opt/rustwide/workdir)
[INFO] [stdout] error[E0412]: cannot find type `systems` in this scope
[INFO] [stdout]   --> src/main.rs:11:18
[INFO] [stdout]    |
[INFO] [stdout] 9  | struct World {
[INFO] [stdout]    |             - help: you might be missing a type parameter: `<systems>`
[INFO] [stdout] 10 |     //systems: Vec<> this is a bunch of systems
[INFO] [stdout] 11 |     systems: Vec<systems>,                                // trait
[INFO] [stdout]    |                  ^^^^^^^ not found in this scope
[INFO] [stdout] 
[INFO] [stdout] 
[INFO] [stdout] error[E0412]: cannot find type `Component` in this scope
[INFO] [stdout]   --> src/main.rs:13:46
[INFO] [stdout]    |
[INFO] [stdout] 13 |     component_managers: Vec<ComponentManager<Component>>, // Component is a trait
[INFO] [stdout]    |                                              ^^^^^^^^^ not found in this scope
[INFO] [stdout]    |
[INFO] [stdout] help: consider importing this enum
[INFO] [stdout]    |
[INFO] [stdout] 1  | use std::path::Component;
[INFO] [stdout]    |
[INFO] [stdout] 
[INFO] [stdout] 
[INFO] [stdout] error[E0412]: cannot find type `systems` in this scope
[INFO] [stdout]   --> src/main.rs:11:18
[INFO] [stdout]    |
[INFO] [stdout] 9  | struct World {
[INFO] [stdout]    |             - help: you might be missing a type parameter: `<systems>`
[INFO] [stdout] 10 |     //systems: Vec<> this is a bunch of systems
[INFO] [stdout] 11 |     systems: Vec<systems>,                                // trait
[INFO] [stdout]    |                  ^^^^^^^ not found in this scope
[INFO] [stdout] 
[INFO] [stdout] 
[INFO] [stdout] error[E0412]: cannot find type `Component` in this scope
[INFO] [stdout]   --> src/main.rs:13:46
[INFO] [stdout]    |
[INFO] [stdout] 13 |     component_managers: Vec<ComponentManager<Component>>, // Component is a trait
[INFO] [stdout]    |                                              ^^^^^^^^^ not found in this scope
[INFO] [stdout]    |
[INFO] [stdout] help: consider importing this enum
[INFO] [stdout]    |
[INFO] [stdout] 1  | use std::path::Component;
[INFO] [stdout]    |
[INFO] [stdout] 
[INFO] [stdout] 
[INFO] [stdout] error: aborting due to 2 previous errors
[INFO] [stdout] 
[INFO] [stdout] 
[INFO] [stdout] For more information about this error, try `rustc --explain E0412`.
[INFO] [stdout] 
[INFO] [stderr] error: could not compile `ecs`.
[INFO] [stderr] 
[INFO] [stderr] To learn more, run the command again with --verbose.
[INFO] [stderr] warning: build failed, waiting for other jobs to finish...
[INFO] [stdout] error: aborting due to 2 previous errors
[INFO] [stdout] 
[INFO] [stdout] 
[INFO] [stdout] For more information about this error, try `rustc --explain E0412`.
[INFO] [stdout] 
[INFO] [stderr] error: build failed
[INFO] running `Command { std: "docker" "inspect" "e2dbd55a46a7824407b293d7806145981780da10ce2e6c5912ac05f444862cd9", kill_on_drop: false }`
[INFO] running `Command { std: "docker" "rm" "-f" "e2dbd55a46a7824407b293d7806145981780da10ce2e6c5912ac05f444862cd9", kill_on_drop: false }`
[INFO] [stdout] e2dbd55a46a7824407b293d7806145981780da10ce2e6c5912ac05f444862cd9
